e prime factors of n?
13, 17
Let t(f) be the first derivative of -81*f**2/2 + 66*f + 254. List the prime factors of t(-8).
2, 3, 7, 17
Suppose 102*z - 67*z = 546700. What are the prime factors of z?
2, 5, 11, 71
Let h(l) = -l**3 + 67*l**2 - 248*l - 127. List the prime factors of h(63).
5
Let c(x) = 8*x + 34. Let u(j) = 7*j + 32. Let k(w) = -2*c(w) + 3*u(w). Let r be k(-5). Suppose -4*y = -r*y - 258. What are the prime factors of y?
2, 3, 43
Suppose 32 = -5*m + 13*m. Suppose v - 6*v + g + 11 = 0, -5*g = m*v - 3. What are the prime factors of v?
2
Let s(j) = -2375*j + 795. What are the prime factors of s(-4)?
5, 29, 71
Let p(r) = 6*r**2 + 2*r + 1. Let z be 2/(-7) + (-2)/(56/(-372)). Suppose -14*g + z*g - 1 = 0. List the prime factors of p(g).
5
Suppose -4*k + 775 = -4*h - 101, -3*k = 3*h - 675. Let y = 9 - 5. Suppose k = y*q - 86. List the prime factors of q.
7, 11
Let m(c) = 4*c - 23. Let f be m(11). List the prime factors of ((-786)/f)/(2/(-14)).
2, 131
Suppose 2*l - 4897 = 4*m - 19481, 2*l + 10939 = 3*m. What are the prime factors of m?
3, 5
Let k(x) = -7*x. Let j be k(18). Let y = j + 193. List the prime factors of 0 + y + 4*1.
71
Suppose -28 - 32 = 10*g. Let s be (-1)/(-2) + (-9)/g. Suppose -3*i = -b + 2*i + 27, -26 = -s*b + 3*i. What are the prime factors of b?
7
Let z(x) = -x**2 + 16*x - 45. Let p be z(11). Suppose p*o - 7372 = -1002. List the prime factors of o.
7, 13
Suppose 5*h - 3*p - 12 = -7*p, 2*h - 4*p = -12. Suppose -7*u + 4*u + 72 = h. List the prime factors of (-3)/(-18) - (-2612)/u.
109
Suppose 0 = 20*t - 12075 - 12085. Suppose 6*s + t = 10*s - 4*k, -1204 = -4*s + 5*k. What are the prime factors of s?
2, 3, 17
Let b be (4 - (-35756)/6) + 8/(-6). Suppose -7090 = -13*q + b. What are the prime factors of q?
2, 251
Let t = 42110 + -18074. What are the prime factors of t?
2, 3, 2003
Let f(n) = 5*n**3 - 4*n**2 + 5*n - 7. Let z(l) = l**2 - 21*l + 26. Let h be z(20). List the prime factors of f(h).
7, 137
Suppose -33*z = q - 28*z - 10241, q - 3*z = 10281. What are the prime factors of q?
2, 3, 29, 59
Let d be 4/(-26) + (-14380)/(-13). Let s = d + -440. What are the prime factors of s?
2, 3, 37
Let b = 1990 + -1987. Let h(v) = 6*v - 6 - v**2 + 3*v + 2*v**2. What are the prime factors of h(b)?
2, 3, 5
Suppose -5*t - 7 = -2. Let x be 2 + t - (-5)/(20/48). Suppose -x*s = -18*s + 1410. What are the prime factors of s?
2, 3, 47
List the prime factors of -2 + (0 - (208584/6)/(-6)).
2, 181
Suppose -k = 3*a + 25, 36*k + 19 = -3*a + 41*k. What are the prime factors of (143/(-3))/(a/24)?
11, 13
Let u(x) = -26773*x + 57. List the prime factors of u(-1).
2, 5, 2683
Let r(v) be the second derivative of 2*v**3/3 + 29*v**2 - v - 2. Let p be 4/(0 - -2) + -2. What are the prime factors of r(p)?
2, 29
Let t be (-22)/110 + (-120521)/(-5). What are the prime factors of t/44 - (-1 - 9/(-11))?
2, 137
Suppose -5*a + 8 = u, -u - 3*a = 4*u - 18. Suppose 3*r + u*k = 33, -2*k + 55 = 3*r + 19. What are the prime factors of r?
2, 7
Suppose 9 = -5*g + 19. Suppose -4*i - u + 1182 = u, -g*i = -u - 589. What are the prime factors of i?
5, 59
Suppose -39*y + 200029 = -6*y - 272531. What are the prime factors of y?
2, 5, 179
Suppose -79*z + 93*z = 109004. What are the prime factors of z?
2, 17, 229
Let l(k) be the third derivative of 391*k**5/60 - k**4/12 + k**3/6 + 34*k**2 - k. List the prime factors of l(1).
2, 3, 5, 13
Let o(w) = 17*w - 109. Let x be o(4). Let l(j) = 3*j**2 + 4*j - 4. Let u be l(-6). Let q = u - x. List the prime factors of q.
11
Let t = 1126 + 1377. What are the prime factors of t?
2503
Suppose 0 = -q + j + 560, -7*j + 5*j - 2812 = -5*q. Suppose 14*y - 332 = q. List the prime factors of y.
2
Suppose -411*g - 870 = -413*g. Let p = g - 302. List the prime factors of p.
7, 19
Let i be (7 + -24)/(3/(3 - 72)). Let y = -140 + i. Suppose -5*b + 327 = 3*p - y, 5*p + 4*b = 946. What are the prime factors of p?
2, 3, 31
Let b(j) = 35*j + 22. Let t be b(-6). Let u = t + 330. What are the prime factors of u?
2, 71
Let m be (13/(-52))/(1/(-2204)). Suppose 5*x - m = -3*t, -2*t = x - 5*t - 121. List the prime factors of x.
2, 7
Let b(d) = 24*d**2 - 9*d - 66. Let w be b(-12). List the prime factors of (((-13)/(-3))/((-22)/w))/(-1).
13, 53
Suppose 0 = 10*y - 16*y - 1140. Let f be 10 + -14 + 338/(-1). Let h = y - f. What are the prime factors of h?
2, 19
Let q = 258 - 238. What are the prime factors of 1 + (q - -3)*17?
2, 7
Let n(k) = -8*k**3 + 3*k**2 + 43*k + 189. What are the prime factors of n(-11)?
17, 631
What are the prime factors of (2*(-2)/6*-17634)/(2 - 0)?
2, 2939
Let m = 29092 - 17142. What are the prime factors of m?
2, 5, 239
Suppose 3*k + 4 = 2*d, 3*k - 9 = -5*d - 41. Let y be (-17)/(-4) + 1/k. Suppose -1 + 305 = y*w. List the prime factors of w.
2, 19
What are the prime factors of (3/((-72)/32))/(7/(-5691))?
2, 271
Let b(s) = s**3 - 18*s**2 - 20*s + 19. Let d = 106 + -87. Let r be b(d). Suppose r = 3*y - 297 - 222. List the prime factors of y.
173
Let h be -2 + 2 + -5 + 5 + 2923. Let p = h + -2023. List the prime factors of p.
2, 3, 5
Let a = 31 + -26. Suppose 8*c + 3 + a = 0. What are the prime factors of (-2 + -198)/(-4) + c + 3?
2, 13
Let g = 9040 + -4081. Suppose g = 17*h + 12*h. List the prime factors of h.
3, 19
Suppose 4*w + x - 319 = -2*x, 2*x + 235 = 3*w. Suppose r = -6*u + u + 27, -3*u + 30 = -4*r. List the prime factors of w/u + 8/(-48).
13
Let w be ((-9)/(-6))/(15/240). List the prime factors of (-562)/(3/2*(-32)/w).
281
Let p(h) = -h**3 - 23*h**2 - h + 39. List the prime factors of p(-47).
2, 7, 3793
Let t(y) = y**3 + 9*y**2 - 390*y - 25. What are the prime factors of t(-24)?
5, 139
What are the prime factors of (-1245 + (-49)/7)*-11?
2, 11, 313
Suppose f = -i + 7, -2*i - f + 18 = 2*f. Suppose 17 = i*g + 5. Suppose 5*n = -6 - 14, -3*s + 304 = -g*n. List the prime factors of s.
2, 3
Let q = 63174 - 38937. List the prime factors of q.
3, 2693
Suppose -2*w = -3 + 9. What are the prime factors of (w - 644/(-8)) + (-5)/10?
7, 11
Suppose -642 = -4*k + 2*k. Let q = -166 + k. Suppose -q = -g - 62. List the prime factors of g.
3, 31
What are the prime factors of (-480)/64*(-5908)/10?
3, 7, 211
Suppose 353 = n + 5*x, 799*x = -2*n + 795*x + 742. What are the prime factors of n?
383
Suppose 1 - 1 = 5*x. Suppose -4*l + 381 + 19 = x. Let y = 164 - l. List the prime factors of y.
2
Let p be (13/(78/279))/((-6)/224). What are the prime factors of 14/6 + p/(-21)?
5, 17
Suppose -59 = 5*z + 1301. Let q(i) = i**3 - 20*i**2 - 3*i - 36. Let g be q(20). Let c = g - z. List the prime factors of c.
2, 11
Let g(x) = 133*x + 252. Let b be g(51). Suppose -7*z + b + 875 = 0. What are the prime factors of z?
2, 5, 113
Let k(y) = -3363*y + 2552. List the prime factors of k(-17).
59723
Suppose -11986*f + 11959*f = -294975. List the prime factors of f.
5, 19, 23
Let b(f) = -10*f**2 + 11*f - 22. Let m be b(4). Let w = -251 - m. Let t = w - -285. What are the prime factors of t?
2, 43
Suppose -w - 132 = 3*q - 355, -5*w + 1077 = -4*q. Suppose -4*f + 387 = -w. Let y = -27 + f. List the prime factors of y.
2, 31
Suppose 35*l = 27*l - 544. What are the prime factors of 2/(-9) + (-284)/72*l?
2, 67
Suppose -2*k = 4*j - 60102, -13 = -5*k + 12. What are the prime factors of j?
83, 181
Let m(u) = 22*u - 27. Let d be m(-17). Let i = d - -761. List the prime factors of i.
2, 3, 5
Let x be ((-1)/(-2))/((-20)/(-29880)) + 5. Let o = x - -125. What are the prime factors of o?
877
Let d be ((-1)/2)/((-6)/(-4572)*-3). Suppose 125*k = d*k - 188. Suppose -9*g + k = -7*g. What are the prime factors of g?
47
List the prime factors of (-11)/(660/90) + 6154/4.
29, 53
Suppose -3*t + 13 = 2*z, 3*t = t + 4*z + 14. Suppose -1751 = -t*v + 1034. List the prime factors of v.
557
Let z(k) = -2*k**2 + 49*k + 30. Let w be z(25). Suppose w*i - 19 = 6. Suppose -r = -2*t - i*r + 90, 3*t - 5*r - 124 = 0. List the prime factors of t.
43
Let u = 597 - 323. Let y = u + -79. List the prime factors of y.
3, 5, 13
What are the prime factors of (65 + -43)*(-1093)/(-2)?
11, 1093
Suppose 423*n - 419*n = 8172. List the prime factors of n.
3, 227
Let q = 20 - -16. Let c = 39 - q. Let y(j) = 9*j**2 - 2*j - 1. What are the prime factors of y(c)?
2, 37
What are the prime factors of 4/5 - (8288040/(-200) + -37)?
2, 3, 31